407603.
7, 58229
What are the prime factors of 60764?
2, 11, 1381
List the prime factors of 890190.
2, 3, 5, 7, 157
List the prime factors of 311505.
3, 5, 19, 1093
What are the prime factors of 2022537?
3, 11, 167, 367
What are the prime factors of 335124?
2, 3, 29, 107
List the prime factors of 18089185.
5, 29, 124753
What are the prime factors of 4650525?
3, 5, 11, 1879
What are the prime factors of 815331?
3, 11, 31, 797
List the prime factors of 2749105.
5, 59, 9319
What are the prime factors of 5343206?
2, 11, 242873
List the prime factors of 14089931.
14089931
What are the prime factors of 21638?
2, 31, 349
List the prime factors of 36143.
47, 769
List the prime factors of 3750940.
2, 5, 187547
List the prime factors of 5422949.
7, 17, 199, 229
List the prime factors of 213743.
211, 1013
What are the prime factors of 120314?
2, 43, 1399
What are the prime factors of 14426255?
5, 2885251
What are the prime factors of 30407?
13, 2339
What are the prime factors of 174384?
2, 3, 7, 173
What are the prime factors of 2697599?
2697599
List the prime factors of 2090690.
2, 5, 7, 29867
List the prime factors of 896622.
2, 3, 29, 5153
List the prime factors of 76238.
2, 38119
What are the prime factors of 999686?
2, 53, 9431
List the prime factors of 1357891.
139, 9769
What are the prime factors of 2315752?
2, 289469
List the prime factors of 78148.
2, 7, 2791
What are the prime factors of 278206?
2, 113, 1231
List the prime factors of 7038765.
3, 5, 17, 3067
What are the prime factors of 12738235?
5, 2547647
List the prime factors of 1412283.
3, 59, 79, 101
List the prime factors of 223498.
2, 11, 10159
What are the prime factors of 3594249?
3, 19, 21019
List the prime factors of 942670.
2, 5, 107, 881
What are the prime factors of 9353810?
2, 5, 935381
List the prime factors of 1103943.
3, 29, 12689
What are the prime factors of 8804989?
937, 9397
What are the prime factors of 1134713?
389, 2917
What are the prime factors of 3152059?
3152059
List the prime factors of 7722160.
2, 5, 96527
What are the prime factors of 349611?
3, 116537
What are the prime factors of 4444?
2, 11, 101
List the prime factors of 5249923.
7, 17, 157, 281
List the prime factors of 432689.
127, 3407
List the prime factors of 3341647.
23, 145289
List the prime factors of 73132.
2, 47, 389
What are the prime factors of 4432738?
2, 19, 157, 743
List the prime factors of 1366388.
2, 341597
What are the prime factors of 274070?
2, 5, 27407
What are the prime factors of 20006892?
2, 3, 17, 641
List the prime factors of 247877.
7, 17, 2083
What are the prime factors of 9158?
2, 19, 241
What are the prime factors of 146514?
2, 3, 24419
What are the prime factors of 3873780?
2, 3, 5, 21521
List the prime factors of 106457.
13, 19, 431
What are the prime factors of 6311648?
2, 7, 19, 1483
List the prime factors of 236231.
236231
List the prime factors of 427400.
2, 5, 2137
What are the prime factors of 845471?
11, 101, 761
List the prime factors of 3445450.
2, 5, 68909
List the prime factors of 1801651.
47, 38333
List the prime factors of 136917.
3, 11, 461
What are the prime factors of 2402144?
2, 271, 277
What are the prime factors of 444741?
3, 11, 13477
What are the prime factors of 368428?
2, 92107
What are the prime factors of 30146138?
2, 11, 29, 47251
List the prime factors of 1131606.
2, 3, 7, 1283
What are the prime factors of 1472753?
71, 20743
List the prime factors of 540413.
17, 83, 383
List the prime factors of 7435734.
2, 3, 163, 7603
What are the prime factors of 371025?
3, 5, 17, 97
What are the prime factors of 17799?
3, 17, 349
List the prime factors of 212346.
2, 3, 47, 251
List the prime factors of 5330549.
7, 23, 113, 293
What are the prime factors of 123903?
3, 13, 353
List the prime factors of 11113986.
2, 3, 13, 37, 3851
What are the prime factors of 110333?
19, 5807
List the prime factors of 264629.
53, 4993
List the prime factors of 4360636.
2, 7, 17, 9161
List the prime factors of 179470.
2, 5, 131, 137
List the prime factors of 2978005.
5, 487, 1223
What are the prime factors of 2925897?
3, 13, 29, 199
What are the prime factors of 161949?
3, 37, 1459
What are the prime factors of 481935?
3, 5, 19, 89
What are the prime factors of 135010?
2, 5, 23, 587
What are the prime factors of 8150131?
11, 29, 881
List the prime factors of 547567.
547567
List the prime factors of 303429.
3, 7, 14449
List the prime factors of 410064.
2, 3, 8543
List the prime factors of 649723.
17, 38219
What are the prime factors of 1335907?
1335907
What are the prime factors of 133155?
3, 5, 11, 269
List the prime factors of 1702206.
2, 3, 11, 8597
What are the prime factors of 67191?
3, 22397
What are the prime factors of 749382?
2, 3, 124897
What are the prime factors of 372197?
7, 53171
What are the prime factors of 15894258?
2, 3, 31, 85453
List the prime factors of 4833770.
2, 5, 483377
List the prime factors of 1833707.
109, 16823
What are the prime factors of 224282?
2, 127, 883
List the prime factors of 21601614.
2, 3, 3600269
List the prime factors of 5755677.
3, 31, 199, 311
What are the prime factors of 1283360?
2, 5, 13, 617
List the prime factors of 111787.
13, 8599
List the prime factors of 497155.
5, 99431
List the prime factors of 3933999.
3, 437111
What are the prime factors of 173714?
2, 86857
What are the prime factors of 331420?
2, 5, 73, 227
What are the prime factors of 406049?
7, 19, 43, 71
List the prime factors of 337762.
2, 281, 601
What are the prime factors of 219383?
79, 2777
List the prime factors of 1433887.
7, 13, 2251
What are the prime factors of 393001?
7, 23, 2441
List the prime factors of 3021699.
3, 17, 179, 331
List the prime factors of 6734917.
7, 962131
What are the prime factors of 303691?
303691
List the prime factors of 128095.
5, 11, 17, 137
List the prime factors of 223133.
223133
List the prime factors of 7472994.
2, 3, 307, 4057
List the prime factors of 1779634.
2, 53, 103, 163
What are the prime factors of 3492213?
3, 1164071
List the prime factors of 73815.
3, 5, 7, 19, 37
List the prime factors of 3209703.
3, 7, 152843
List the prime factors of 224326.
2, 112163
What are the prime factors of 120223?
120223
What are the prime factors of 836708?
2, 29, 7213
What are the prime factors of 129190?
2, 5, 12919
List the prime factors of 594589.
547, 1087
What are the prime factors of 111379?
127, 877
What are the prime factors of 845793?
3, 13, 7229
List the prime factors of 1366261.
13, 105097
What are the prime factors of 1679158?
2, 13, 17, 29, 131
List the prime factors of 677486.
2, 139, 2437
What are the prime factors of 3420784?
2, 213799
List the prime factors of 1045024.
2, 17, 113
What are the prime factors of 265991?
11, 24181
List the prime factors of 421287.
3, 19, 389
List the prime factors of 15085349.
2131, 7079
What are the prime factors of 1846007?
97, 19031
What are the prime factors of 60363?
3, 19, 353
List the prime factors of 1821434.
2, 71, 101, 127
What are the prime factors of 3781031?
157, 24083
List the prime factors of 990.
2, 3, 5, 11
What are the prime factors of 489987?
3, 54443
List the prime factors of 9531104.
2, 11, 27077
What are the prime factors of 1096854?
2, 3, 11, 16619
List the prime factors of 13795853.
499, 27647
List the prime factors of 261761.
261761
What are the prime factors of 5946042?
2, 3, 409, 2423
What are the prime factors of 8809833?
3, 2936611
What are the prime factors of 181337?
13, 29, 37
List the prime factors of 13607626.
2, 367, 18539
List the prime factors of 2476311.
3, 31, 26627
List the prime factors of 2502931.
2502931
List the prime factors of 1176245.
5, 7, 4801
List the prime factors of 39950054.
2, 1283, 15569
What are the prime factors of 986501?
41, 24061
List the prime factors of 34481377.
7, 29, 169859
List the prime factors of 570885.
3, 5, 7, 5437
What are the prime factors of 16444404?
2, 3, 43, 3541
What are the prime factors of 2532317?
37, 89, 769
What are the prime factors of 654403?
503, 1301
What are the prime factors of 335989?
337, 997
List the prime factors of 36815864.
2, 233, 19751
List the prime factors of 349540.
2, 5, 17477
List the prime factors of 3000680.
2, 5, 75017
What are the prime factors of 809524?
2, 202381
List the prime fact